818
What is the highest common divisor of 49832 and 1234?
2
Calculate the greatest common divisor of 172025 and 35000.
175
What is the highest common divisor of 356 and 49533662?
178
What is the highest common factor of 3159 and 41588721?
243
Calculate the highest common divisor of 33158 and 292802.
562
What is the greatest common divisor of 118814070 and 4302?
1434
What is the highest common divisor of 209523305 and 1075?
215
What is the greatest common divisor of 14381516 and 2588?
2588
What is the greatest common factor of 32 and 121570016?
32
Calculate the greatest common divisor of 231 and 295533.
21
What is the greatest common divisor of 36 and 2851708?
4
What is the greatest common factor of 13013 and 2464?
77
What is the highest common divisor of 12861 and 28296?
9
Calculate the greatest common divisor of 704 and 1468104.
88
What is the greatest common factor of 3471 and 12865929?
267
Calculate the highest common factor of 113303687 and 21.
7
Calculate the greatest common factor of 4225844 and 476.
28
What is the greatest common divisor of 313738832 and 4?
4
Calculate the greatest common divisor of 32 and 1553056.
32
What is the greatest common factor of 45 and 5865705?
45
Calculate the highest common factor of 1285131034 and 5588.
2794
Calculate the greatest common divisor of 34920 and 97579575.
4365
What is the greatest common factor of 735476 and 266?
14
Calculate the greatest common factor of 366472 and 729448.
152
What is the highest common factor of 4978 and 100421456?
262
What is the highest common divisor of 107690308 and 220?
44
What is the greatest common divisor of 580 and 3564370?
10
Calculate the highest common divisor of 41310187 and 34.
17
Calculate the highest common factor of 21004 and 220601.
59
Calculate the greatest common divisor of 67362 and 259638.
654
What is the greatest common factor of 2408 and 18978953?
301
Calculate the highest common factor of 45026 and 139778.
94
What is the highest common divisor of 195 and 92430156?
39
Calculate the greatest common divisor of 32 and 8586720.
32
What is the greatest common divisor of 14679 and 12264?
21
Calculate the greatest common divisor of 4161 and 1885883.
19
What is the highest common divisor of 5766194 and 11573?
71
What is the highest common factor of 3689126 and 132916?
1414
Calculate the highest common factor of 180 and 2240340.
60
What is the highest common divisor of 25994 and 61869?
41
Calculate the greatest common divisor of 11508016 and 907.
907
Calculate the highest common divisor of 4148 and 16.
4
What is the highest common factor of 724 and 947883244?
724
What is the greatest common divisor of 1791423 and 251509?
1543
What is the highest common divisor of 1579113 and 13464?
153
What is the greatest common divisor of 2391835 and 2681?
383
Calculate the greatest common divisor of 156 and 158405964.
12
What is the greatest common divisor of 996 and 6716526?
498
Calculate the highest common factor of 2109503 and 55.
11
What is the greatest common factor of 535775 and 21025?
725
What is the greatest common factor of 4392 and 201091563?
549
Calculate the highest common factor of 3014643 and 1992.
249
Calculate the highest common factor of 219 and 33195801.
219
Calculate the highest common factor of 15162768 and 56808.
216
What is the highest common divisor of 32 and 383000?
8
Calculate the greatest common divisor of 1123968 and 1600.
64
Calculate the greatest common factor of 4687725 and 8400.
525
What is the greatest common factor of 4592 and 22673?
287
Calculate the greatest common divisor of 2869 and 21052.
19
What is the greatest common factor of 2457229746 and 474?
474
Calculate the greatest common factor of 4685697 and 2241.
9
What is the greatest common divisor of 21332744 and 171?
19
What is the highest common divisor of 3146 and 2481479?
143
Calculate the greatest common factor of 1704 and 93544062.
426
Calculate the greatest common factor of 40579 and 300883.
187
Calculate the highest common factor of 4050 and 8725482.
162
Calculate the highest common factor of 10479 and 239004.
3
Calculate the greatest common factor of 20515 and 11880.
55
What is the highest common divisor of 8 and 2632848?
8
Calculate the highest common divisor of 1313 and 1982656.
13
Calculate the greatest common divisor of 26656 and 1178912.
224
What is the greatest common divisor of 958 and 229090851?
479
Calculate the greatest common factor of 438638 and 250209.
3089
Calculate the greatest common factor of 23122 and 23012.
22
What is the highest common divisor of 10881 and 32253609?
93
What is the greatest common factor of 147 and 211125957?
147
What is the highest common divisor of 333 and 166461?
3
Calculate the greatest common factor of 104 and 37477376.
8
Calculate the highest common divisor of 95587 and 1617144.
1567
What is the highest common factor of 9 and 1539093?
3
What is the greatest common divisor of 44172 and 36468?
36
Calculate the highest common factor of 2068 and 7120124.
2068
What is the greatest common divisor of 53016 and 27906297?
6627
What is the greatest common factor of 40135 and 2095745?
1745
Calculate the highest common factor of 163228 and 1969916.
2236
What is the highest common divisor of 161 and 14119654?
23
What is the highest common factor of 689 and 9614041?
53
What is the greatest common factor of 4248170 and 180?
10
Calculate the highest common factor of 14 and 2401318626.
14
What is the highest common factor of 563962 and 28?
14
Calculate the greatest common factor of 4703869 and 1072.
67
What is the highest common factor of 43934 and 45749?
11
What is the highest common factor of 71 and 7766761?
71
Calculate the greatest common divisor of 7580432 and 1104.
368
Calculate the highest common divisor of 910923491 and 983.
983
What is the highest common divisor of 9330090 and 18557?
77
What is the highest common factor of 805 and 6151465?
115
Calculate the greatest common divisor of 4800 and 495312.
48
What is the greatest common factor of 10710 and 1616496?
714
Calculate the highest common factor of 3146 and 43167839.
1573
Calculate the greatest common factor of 122 and 31649850.
122
Calculate the highest common factor of 38208499 and 7.
7
What is the highest common divisor of 340578 and 266378?
742
Calculate the greatest common factor of 2 and 17359491.
1
Calculate the greatest common factor of 109805103 and 9387.
1341
Calculate the greatest common factor of 272194 and 471466.
722
What is the highest common divisor of 21933892 and 172556?
964
Calculate the greatest common divisor of 57 and 26114512.
19
What is the highest common divisor of 885 and 9169190?
295
What is the greatest common divisor of 85 and 508818449?
17
What is the greatest common divisor of 1109712 and 40016?
976
Calculate the greatest common divisor of 3978 and 61251102.
306
What is the highest common divisor of 2507331 and 25404?
219
What is the highest common factor of 20414 and 122?
2
Calculate the greatest common factor of 4109 and 220125.
587
Calculate the greatest common divisor of 125090 and 120470.
70
What is the greatest common divisor of 116 and 152867497?
29
What is the greatest common divisor of 40175448 and 376?
8
Calculate the highest common factor of 73986 and 9741072.
1254
Calculate the highest common factor of 1206630 and 2331837.
981
What is the highest common divisor of 2426 and 7453?
1
What is the highest common factor of 15282 and 75510?
18
Calculate the highest common factor of 8981780 and 1258.
34
What is the greatest common divisor of 160750 and 1000?
250
Calculate the greatest common divisor of 23 and 43831169.
23
Calculate the greatest common divisor of 32 and 6336416.
32
What is the greatest common divisor of 141155705 and 10156?
2539
Calculate the highest common factor of 3479147 and 255360.
133
Calculate the greatest common divisor of 169049709 and 9.
9
Calculate the highest common factor of 7 and 237472228.
7
Calculate the greatest common factor of 255460 and 112360.
1060
What is the highest common divisor of 3633 and 1598373?
21
What is the highest common divisor of 131352 and 51783?
1263
What is the highest common factor of 25 and 382867775?
25
Calculate the greatest common divisor of 5234615 and 835.
835
What is the highest common factor 